63a (base 15) to base 3.
-1011000212022001
Convert 102120012011 (base 3) to base 10.
227587
What is -172426 (base 13) in base 10?
-576322
10805a7 (base 11) to base 6
104255135
What is 103455552 (base 6) in base 13?
500ba6
What is 470250 (base 9) in base 11?
183134
What is -8366672 (base 9) in base 7?
-53006501
What is -3341404 (base 5) in base 14?
-176cb
-639c47 (base 13) to base 12
-947545
What is -1422145 (base 7) in base 4?
-232133233
Convert e1ba1 (base 15) to base 4.
2232133333
30b991 (base 12) to base 10
766909
550442 (base 7) to base 5
11040031
204134 (base 12) to base 6
14452504
What is -13386b (base 14) in base 4?
-2201312313
Convert 528364 (base 16) to base 7.
63651364
Convert 112221100110 (base 3) to base 16.
47c9a
-30423011 (base 5) to base 15
-4d971
What is 7ba54 (base 13) in base 9?
373727
210515 (base 8) to base 15
15ae5
What is -121324442 (base 7) in base 8?
-34741065
-7ceb97 (base 15) to base 16
-5b2400
Convert -85763 (base 13) to base 3.
-110020020012
What is -140861 (base 9) in base 12?
-41924
Convert -1121281 (base 14) to base 11.
-4665325
140434543 (base 6) to base 5
1211213143
What is -12003412 (base 5) in base 14?
-2c06d
What is -1201632 (base 7) in base 4?
-211011303
Convert -134375 (base 8) to base 14.
-13389
Convert 22102001100 (base 3) to base 2.
101000011010001111
Convert -11135432 (base 6) to base 11.
-212087
What is -113136 (base 10) in base 16?
-1b9f0
Convert -9c91a (base 13) to base 10.
-284957
What is 4403133100 (base 5) in base 8?
43754513
-3363a5 (base 11) to base 7
-4360225
What is -179798 (base 12) in base 15?
-81a25
What is 161874 (base 14) in base 6?
24321250
-18caa96 (base 13) to base 7
-126250532
Convert 355231233 (base 6) to base 15.
8c2a3c
10211011112 (base 3) to base 12
37635
-20745 (base 12) to base 8
-123045
-1202110222 (base 4) to base 7
-3265066
Convert -1423034 (base 9) to base 10.
-782977
What is -39080 (base 16) in base 11?
-14a564
-53929 (base 12) to base 5
-12011233
What is -2330003103 (base 4) in base 11?
-486786
What is -68774 (base 9) in base 4?
-23030020
What is -5313254 (base 7) in base 13?
-196427
What is -2131a71 (base 12) in base 16?
-5febb5
What is 409993 (base 14) in base 13?
5b33b8
-25150410 (base 7) to base 3
-11021001002200
Convert -5b4c0 (base 14) to base 8.
-663760
-213215430 (base 6) to base 8
-16370352
-604364 (base 10) to base 11
-383082
35652663 (base 7) to base 8
14064612
Convert -41336 (base 14) to base 11.
-a7a98
5602226 (base 8) to base 3
2211122021110
-1110000011110001001 (base 2) to base 9
-771837
Convert 12220100121021 (base 3) to base 7.
35442412
2b80d3 (base 15) to base 14
3ca499
What is -1404144 (base 5) in base 13?
-10089
Convert -277336 (base 9) to base 4.
-221112330
What is 1110101001011000100 (base 2) in base 5?
110324230
Convert 1331132 (base 4) to base 16.
1f5e
Convert 40c772 (base 15) to base 16.
2efe02
Convert 313301110212 (base 4) to base 15.
143bc7c
What is 1223232 (base 5) in base 4?
11300033
What is 6051bd (base 14) in base 13?
89628a
Convert -36d7b7 (base 14) to base 10.
-1881173
-555354550 (base 6) to base 14
-149cc4a
-22101101010 (base 3) to base 8
-502243
da6ee (base 16) to base 15
12a16c
-444425253 (base 6) to base 11
-4605422
What is 2dd571 (base 16) in base 10?
3003761
-2203102210 (base 4) to base 14
-135a60
What is -332251 (base 10) in base 6?
-11042111
-35b22 (base 13) to base 10
-98555
132f07 (base 16) to base 3
2100212120211
-1a618b5 (base 14) to base 10
-13142743
Convert 10100010001111111001101 (base 2) to base 4.
110101333031
Convert -126445 (base 7) to base 10.
-23896
-357 (base 10) to base 3
-111020
111101001011111 (base 2) to base 15
9437
-112546151 (base 7) to base 15
-91a2ee
-4f47e (base 16) to base 11
-201a83
2236ab (base 14) to base 3
2012001000111
What is 105e00 (base 16) in base 15?
162c45
-24806a (base 11) to base 14
-a28c6
-1002223233 (base 4) to base 2
-1000010101011101111
What is -4969a9 (base 12) in base 14?
-231077
Convert 30a69 (base 11) to base 7.
245542
What is 11345434 (base 7) in base 4?
3310322101
-669238 (base 10) to base 11
-417899
Convert 23317487 (base 9) to base 4.
223102313203
Convert -11223003030 (base 4) to base 8.
-5530314
What is -40fea1 (base 16) in base 11?
-244a243
Convert 664278 (base 9) to base 3.
202011022122
-11031111 (base 4) to base 12
-10419
What is -22302051 (base 6) in base 5?
-133130400
-71231 (base 9) to base 5
-2444341
22022002101 (base 3) to base 6
3300144
What is 12104b6 (base 12) in base 8?
15275712
Convert 1170276 (base 8) to base 12.
137452
What is 15caad5 (base 14) in base 9?
22132270
Convert -1502bc (base 14) to base 16.
-b255e
1211211220 (base 3) to base 8
106763
-12010000000210 (base 3) to base 2
-1010010111001001110011
What is -33b505 (base 12) in base 2?
-11001010010000010101
Convert 3a6568 (base 12) to base 8.
3534640
1603112 (base 9) to base 2
11011000110011001110
Convert 101322222 (base 4) to base 12.
36576
-568004 (base 9) to base 12
-145027
What is -e208c3 (base 15) in base 12?
-3718103
Convert -200122210122212 (base 3) to base 16.
-974fb4
What is -225034054 (base 6) in base 3?
-21211012120021
324c88 (base 14) to base 4
12133331020
-132210001 (base 6) to base 7
-31231300
What is -3113035 (base 7) in base 13?
-100b46
What is -146a17 (base 12) in base 13?
-c0520
Convert -22201113 (base 4) to base 5.
-2334340
What is -9a865 (base 15) in base 10?
-491270
What is -11101000101110100 (base 2) in base 3?
-20001110012
-5232c (base 13) to base 11
-a1003
What is 10101110111102 (base 3) in base 12?
72999b
What is -284600 (base 9) in base 4?
-222132210
-100000001000011100 (base 2) to base 3
-20200112112
-72621 (base 9) to base 3
-2102200201
-11201021010 (base 3) to base 2
-10110101001100111
What is 110111100111101 (base 2) in base 16?
6f3d
Convert -250367 (base 8) to base 12.
-41b07
21d20 (base 14) to base 12
3b660
Convert -23553100 (base 6) to base 3.
-1101220011100
What is 1685a9 (base 11) in base 5?
31312034
What is -47226615 (base 8) in base 11?
-58a6176
32052787 (base 9) to base 5
12423243243
595a23 (base 11) to base 3
1210000011211
-3ed43c (base 15) to base 13
-821c13
Convert -6455626 (base 7) to base 16.
-c02d4
-6160532 (base 7) to base 11
-464001
What is -1b02117 (base 12) in base 14?
-a9101d
25263307 (base 9) to base 5
11132224134
Convert 120556 (base 8) to base 4.
22011232
What is -1111011010110000 (base 2) in base 14?
-1902c
-12241231 (base 7) to base 11
-693383
What is -28297 (base 11) in base 5?
-2242103
-3881 (base 14) to base 16
-26b9
4a3744 (base 11) to base 4
3002031232
Convert -1020222012010 (base 3) to base 2.
-10100011001111010111
Convert -4344144 (base 5) to base 14.
-1d43a
-1122213440 (base 6) to base 2
-101111011010001110000000
-50e1 (base 16) to base 3
-1001101212
Convert -167639 (base 12) to base 13.
-106a6a
Convert -2116a1 (base 12) to base 14.
-d7ca5
What is 130211424 (base 5) in base 10?
632114
-11101230021 (base 4) to base 2
-101010001101100001001
-17033267 (base 8) to base 13
-a82214
Convert -1000100011101000101 (base 2) to base 10.
-280389
What is 3311aa2 (base 12) in base 4?
211013013122
What is 47772ba (base 12) in base 14?
1ba4db0
Convert -2928160 (base 10) to base 11.
-171aa74
What is -4576602 (base 8) in base 4?
-10233312002
Convert 250393 (base 12) to base 16.
92f1f
-42111 (base 9) to base 8
-66221
Convert 312754 (base 8) to base 15.
20bcb
What is 204342122 (base 5) in base 3?
1121111002110
2300464 (base 8) to base 4
2120010310
What is -47971 (base 10) in base 2?
-1011101101100011
Convert 16baa (base 14) to base 6.
1120430
201234431 (base 5) to base 7
6563510
What is -1725217 (base 8) in base 6?
-14433555
542841a (base 11) to base 6
540305552
-2544576 (base 8) to base 12
-2a113a
What is 111012121012 (base 3) in base 11?
168349
-233210002231 (base 4) to base 12
-4213611
Convert 315510 (base 7) to base 12.
27859
Convert -de489 (base 16) to base 7.
-10511304
What is 278883 (base 11) in base 13?
123783
What is 7b2730 (base 15) in base 13?
12aba08
What is -fcd0d (base 16) in base 6?
-34110045
13055043 (base 6) to base 10
427491
-210548 (base 13) to base 9
-1406045
What is -16aa780 (base 11) in base 15?
-3c3c4c
Convert 330737 (base 9) to base 2.
110000001100110111
What is 8224056 (base 10) in base 7?
126621561
533355 (base 7) to base 12
45606
Convert -210